{"id":5003,"date":"2024-11-10T15:06:05","date_gmt":"2024-11-10T13:06:05","guid":{"rendered":"https:\/\/bm-fotos.de\/?page_id=5003"},"modified":"2025-05-02T23:09:55","modified_gmt":"2025-05-02T21:09:55","slug":"rezension-zum-buch-dann-zeige-ich-es-euch-eben-auf-dem-platz-von-alexandra-popp","status":"publish","type":"page","link":"https:\/\/bm-fotos.de\/?page_id=5003","title":{"rendered":"Rezension zum Buch &#8222;Dann zeige ich es Euch eben auf dem Platz&#8220; von Alexandra Popp"},"content":{"rendered":"<p>&nbsp;<\/p>\n<p style=\"text-align: center;\"><strong>&#8222;Dann zeige ich es Euch eben auf dem Platz&#8220;<\/strong><\/p>\n<p style=\"text-align: center;\"><strong>von Alexandra Popp<\/strong><\/p>\n<p>&nbsp;<\/p>\n<p>&nbsp;<\/p>\n<p><strong>Vom Traum zur Realit\u00e4t<\/strong><\/p>\n<p>F\u00fcr Alexandra Popp z\u00e4hlt seit Kindesbeinen nur der Fu\u00dfball \u2013 und das spiegelt sich in ihrer Autobiografie wieder.<\/p>\n<p>\u201eAli schie\u00dft mir den Ball zu und ich schie\u00dfe ihn aus der Drehung ins Tor. Begeistert rei\u00dfe ich die Arme in die Luft und drehe ab in die Richtung, in der ich Horst vermute. Endlich habe ich mein erstes Tor gemacht. Schlie\u00dflich kommt Horst in mein Blickfeld, er lacht. \u201ePuppe, sagt er, das war ein Eigentor. Unseres ist auf der anderen Seite.\u201c\u201c<\/p>\n<p>Mittlerweile hat Alexandra Popp in ihrer Karriere insgesamt 298 Tore erzielt. Eigentore, wie damals als F\u00fcnfj\u00e4hrige, schie\u00dft sie jetzt nicht mehr.<\/p>\n<p>Den Weg vom Traum des Fu\u00dfballspielens bis zur Realit\u00e4t als Profifu\u00dfballerin beschreibt Alexandra Popp mit Unterst\u00fctzung der Journalistin Mara Pfeiffer in ihrer Autobiografie \u201eDann zeige ich es Euch eben auf dem Platz\u201c.<\/p>\n<p>Fu\u00dfball ist in der Familie von Alexandra Popp \u201eNormalzustand\u201c. So wundert es nicht, dass sich Popp von klein auf f\u00fcr Fu\u00dfball begeistert.<\/p>\n<p>Durfte sie als Kleinkind am Spielfeldrand nur vom Spielen tr\u00e4umen, startete sie als F\u00fcnfj\u00e4hrige das erste Mal in einem Team durch. Mit der Aufnahme in den heimischen Verein wurde der Grundstein f\u00fcr ihren beeindruckenden Werdegang gelegt, den Popp in ihrer Autobiografie schlicht und in einfachen Worten beschreibt.<\/p>\n<p>So handelt das Buch auf den ersten Blick von den\u00a0 zahlreichen zu bestreitenden Turnieren und Wettk\u00e4mpfen in den Ligen, der Champions League, den Weltmeisterschaften, den Olympischen Spielen und den Europameisterschaften.<\/p>\n<p>Jedes der 19 Kapitel steht f\u00fcr eine Saison. Der Start in der M\u00e4dchenmannschaft, die Einladungen zu den DFB Lehrg\u00e4ngen der U15 bis U20 und der A-Nationalmannschaft, die Wechsel zum MSV\u00a0 Duisburg und zum VFL Wolfsburg werden thematisiert.<\/p>\n<p>Ein Leben f\u00fcr den Fu\u00dfball und eine beispiellose Fu\u00dfballkarriere werden auf 303 Seiten zu Papier gebracht.<\/p>\n<p>Das ist jedoch nur der erste Blick.<\/p>\n<p>Auf den zweiten Blick erz\u00e4hlt dieses Buch die Geschichte einer jungen Frau, die, um den Traum vom Fu\u00dfball real zu leben, auch immer wieder mit Ungerechtigkeiten, privaten Schicksalsschl\u00e4gen und Verletzungen zu k\u00e4mpfen hatte.<\/p>\n<p>Als Kind \u201ealleine unter Jungs\u201c, zeigte sie es Zweiflern auf dem Platz. Der Ausflug in die Welt des Turnens war \u201eganz gut\u201c, hatte aber gegen Fu\u00dfball keine Chance.<\/p>\n<p>Dem Wechsel in die M\u00e4dchenmannschaft stimmte Alexandra Popp zu, nach dem ihr damaliger Trainer Horst Westermann und ihre Eltern sie ermutigten.<\/p>\n<p>\u00dcberhaupt tut sich die \u201eHeimschei\u00dferin\u201c mit Wechseln schwer. Dennoch geht sie Schritt f\u00fcr Schritt ihren Weg, ohne dabei ihre Familie und Heimat aus den Augen zu lassen. So \u00fcberlie\u00df Popp ihren Eltern nach Aufgabe der Metzgerei das Fahrtengeld. Die schwere Erkrankung ihres Vaters, sein Kampf und die traurige Nachricht seines Todes sind auch Bestandteile dieses Buches.<\/p>\n<p>Es ist eben nicht nur die Geschichte der Spielerin, sondern auch der Tochter, Schwester, Teamplayerin und K\u00e4mpferin Alexandra Popp.<\/p>\n<p>Dieses Werk ist in seinem klaren und einfachen Schreibstil f\u00fcr alle empfehlenswert, die in die Welt des Fu\u00dfballs eintauchen und mehr \u00fcber den Menschen Alexandra Popp erfahren wollen.<\/p>\n<p>&nbsp;<\/p>\n<p style=\"text-align: right;\"><strong>Serviceangaben<\/strong><\/p>\n<p style=\"text-align: right;\"><strong>Autorin:<\/strong> Alexandra Popp<\/p>\n<p style=\"text-align: right;\">(in Zusammenarbeit mit Journalistin und Autorin Mara Pfeiffer)<\/p>\n<p style=\"text-align: right;\"><strong>Buchtitel:<\/strong> \u201eDann zeige ich es Euch eben auf dem Platz\u201c<\/p>\n<p style=\"text-align: right;\"><strong>Erscheinungsjahr:<\/strong> 01. August 2023<\/p>\n<p style=\"text-align: right;\"><strong>Verlag:<\/strong> Droemer HC<\/p>\n<p style=\"text-align: right;\"><strong>Preis:<\/strong> 22,00 \u20ac<\/p>\n<p style=\"text-align: right;\">\n","protected":false},"excerpt":{"rendered":"<p>&nbsp; &#8222;Dann zeige ich es Euch eben auf dem Platz&#8220; von Alexandra Popp &nbsp; &nbsp; Vom Traum zur Realit\u00e4t F\u00fcr Alexandra Popp z\u00e4hlt seit Kindesbeinen nur der Fu\u00dfball \u2013 und das spiegelt sich in ihrer Autobiografie wieder. \u201eAli schie\u00dft mir den Ball zu und ich schie\u00dfe ihn aus der Drehung ins Tor. Begeistert rei\u00dfe ich &hellip; <a href=\"https:\/\/bm-fotos.de\/?page_id=5003\" class=\"more-link\"><span class=\"screen-reader-text\">Rezension zum Buch &#8222;Dann zeige ich es Euch eben auf dem Platz&#8220; von Alexandra Popp<\/span> weiterlesen <span class=\"meta-nav\">&rarr;<\/span><\/a><\/p>\n","protected":false},"author":2,"featured_media":0,"parent":0,"menu_order":0,"comment_status":"closed","ping_status":"closed","template":"","meta":{"footnotes":""},"class_list":["post-5003","page","type-page","status-publish","hentry"],"_links":{"self":[{"href":"https:\/\/bm-fotos.de\/index.php?rest_route=\/wp\/v2\/pages\/5003","targetHints":{"allow":["GET"]}}],"collection":[{"href":"https:\/\/bm-fotos.de\/index.php?rest_route=\/wp\/v2\/pages"}],"about":[{"href":"https:\/\/bm-fotos.de\/index.php?rest_route=\/wp\/v2\/types\/page"}],"author":[{"embeddable":true,"href":"https:\/\/bm-fotos.de\/index.php?rest_route=\/wp\/v2\/users\/2"}],"replies":[{"embeddable":true,"href":"https:\/\/bm-fotos.de\/index.php?rest_route=%2Fwp%2Fv2%2Fcomments&post=5003"}],"version-history":[{"count":4,"href":"https:\/\/bm-fotos.de\/index.php?rest_route=\/wp\/v2\/pages\/5003\/revisions"}],"predecessor-version":[{"id":5127,"href":"https:\/\/bm-fotos.de\/index.php?rest_route=\/wp\/v2\/pages\/5003\/revisions\/5127"}],"wp:attachment":[{"href":"https:\/\/bm-fotos.de\/index.php?rest_route=%2Fwp%2Fv2%2Fmedia&parent=5003"}],"curies":[{"name":"wp","href":"https:\/\/api.w.org\/{rel}","templated":true}]}}

<p>&nbsp;</p>
<p style="text-align: center;"><strong>&#8222;Dann zeige ich es Euch eben auf dem Platz&#8220;</strong></p>
<p style="text-align: center;"><strong>von Alexandra Popp</strong></p>
<p>&nbsp;</p>
<p>&nbsp;</p>
<p><strong>Vom Traum zur Realität</strong></p>
<p>Für Alexandra Popp zählt seit Kindesbeinen nur der Fußball – und das spiegelt sich in ihrer Autobiografie wieder.</p>
<p>„Ali schießt mir den Ball zu und ich schieße ihn aus der Drehung ins Tor. Begeistert reiße ich die Arme in die Luft und drehe ab in die Richtung, in der ich Horst vermute. Endlich habe ich mein erstes Tor gemacht. Schließlich kommt Horst in mein Blickfeld, er lacht. „Puppe, sagt er, das war ein Eigentor. Unseres ist auf der anderen Seite.““</p>
<p>Mittlerweile hat Alexandra Popp in ihrer Karriere insgesamt 298 Tore erzielt. Eigentore, wie damals als Fünfjährige, schießt sie jetzt nicht mehr.</p>
<p>Den Weg vom Traum des Fußballspielens bis zur Realität als Profifußballerin beschreibt Alexandra Popp mit Unterstützung der Journalistin Mara Pfeiffer in ihrer Autobiografie „Dann zeige ich es Euch eben auf dem Platz“.</p>
<p>Fußball ist in der Familie von Alexandra Popp „Normalzustand“. So wundert es nicht, dass sich Popp von klein auf für Fußball begeistert.</p>
<p>Durfte sie als Kleinkind am Spielfeldrand nur vom Spielen träumen, startete sie als Fünfjährige das erste Mal in einem Team durch. Mit der Aufnahme in den heimischen Verein wurde der Grundstein für ihren beeindruckenden Werdegang gelegt, den Popp in ihrer Autobiografie schlicht und in einfachen Worten beschreibt.</p>
<p>So handelt das Buch auf den ersten Blick von den  zahlreichen zu bestreitenden Turnieren und Wettkämpfen in den Ligen, der Champions League, den Weltmeisterschaften, den Olympischen Spielen und den Europameisterschaften.</p>
<p>Jedes der 19 Kapitel steht für eine Saison. Der Start in der Mädchenmannschaft, die Einladungen zu den DFB Lehrgängen der U15 bis U20 und der A-Nationalmannschaft, die Wechsel zum MSV  Duisburg und zum VFL Wolfsburg werden thematisiert.</p>
<p>Ein Leben für den Fußball und eine beispiellose Fußballkarriere werden auf 303 Seiten zu Papier gebracht.</p>
<p>Das ist jedoch nur der erste Blick.</p>
<p>Auf den zweiten Blick erzählt dieses Buch die Geschichte einer jungen Frau, die, um den Traum vom Fußball real zu leben, auch immer wieder mit Ungerechtigkeiten, privaten Schicksalsschlägen und Verletzungen zu kämpfen hatte.</p>
<p>Als Kind „alleine unter Jungs“, zeigte sie es Zweiflern auf dem Platz. Der Ausflug in die Welt des Turnens war „ganz gut“, hatte aber gegen Fußball keine Chance.</p>
<p>Dem Wechsel in die Mädchenmannschaft stimmte Alexandra Popp zu, nach dem ihr damaliger Trainer Horst Westermann und ihre Eltern sie ermutigten.</p>
<p>Überhaupt tut sich die „Heimscheißerin“ mit Wechseln schwer. Dennoch geht sie Schritt für Schritt ihren Weg, ohne dabei ihre Familie und Heimat aus den Augen zu lassen. So überließ Popp ihren Eltern nach Aufgabe der Metzgerei das Fahrtengeld. Die schwere Erkrankung ihres Vaters, sein Kampf und die traurige Nachricht seines Todes sind auch Bestandteile dieses Buches.</p>
<p>Es ist eben nicht nur die Geschichte der Spielerin, sondern auch der Tochter, Schwester, Teamplayerin und Kämpferin Alexandra Popp.</p>
<p>Dieses Werk ist in seinem klaren und einfachen Schreibstil für alle empfehlenswert, die in die Welt des Fußballs eintauchen und mehr über den Menschen Alexandra Popp erfahren wollen.</p>
<p>&nbsp;</p>
<p style="text-align: right;"><strong>Serviceangaben</strong></p>
<p style="text-align: right;"><strong>Autorin:</strong> Alexandra Popp</p>
<p style="text-align: right;">(in Zusammenarbeit mit Journalistin und Autorin Mara Pfeiffer)</p>
<p style="text-align: right;"><strong>Buchtitel:</strong> „Dann zeige ich es Euch eben auf dem Platz“</p>
<p style="text-align: right;"><strong>Erscheinungsjahr:</strong> 01. August 2023</p>
<p style="text-align: right;"><strong>Verlag:</strong> Droemer HC</p>
<p style="text-align: right;"><strong>Preis:</strong> 22,00 €</p>
<p style="text-align: right;">

<p>&nbsp; &#8222;Dann zeige ich es Euch eben auf dem Platz&#8220; von Alexandra Popp &nbsp; &nbsp; Vom Traum zur Realität Für Alexandra Popp zählt seit Kindesbeinen nur der Fußball – und das spiegelt sich in ihrer Autobiografie wieder. „Ali schießt mir den Ball zu und ich schieße ihn aus der Drehung ins Tor. Begeistert reiße ich &hellip; <a href="https://bm-fotos.de/?page_id=5003" class="more-link"><span class="screen-reader-text">Rezension zum Buch &#8222;Dann zeige ich es Euch eben auf dem Platz&#8220; von Alexandra Popp</span> weiterlesen <span class="meta-nav">&rarr;</span></a></p>
